12 divide 65877084?
True
Is 33 a factor of 5569047572?
False
Is 51 a factor of 3045996201?
False
Does 67 divide 18264878?
False
Does 443 divide 108809014?
False
Is 1389 a factor of 315648861?
True
Does 150 divide 2321405400?
True
Does 478 divide 237584512?
False
Is 918278976 a multiple of 2326?
False
Is 4409353 a multiple of 42?
False
Does 23 divide 37758835?
False
Is 631 a factor of 70782534?
False
Is 1102 a factor of 8072603?
False
Is 157 a factor of 2468467463?
False
Is 6590463 a multiple of 3?
True
Does 3164 divide 12886958?
False
Does 28 divide 389692268?
True
Is 60 a factor of 304979700?
True
Is 11 a factor of 52649916?
True
Does 3 divide 21062955?
True
Is 20 a factor of 750763440?
True
Is 12499790 even?
True
Is 13965755 a multiple of 43?
True
Is 30683070 a multiple of 2970?
True
Does 5060 divide 224221422?
False
Is 107279237 a multiple of 314?
False
Does 1893 divide 92783243?
False
Is 2995 a factor of 265489494?
False
Is 3041124556 a multiple of 81?
False
Is 11 a factor of 4103453768?
False
Does 62 divide 14407188?
True
Is 22701094 a multiple of 330?
False
Does 351 divide 381034017?
True
Is 2032 a factor of 1348496160?
True
Is 19 a factor of 1051022810?
True
Is 1654 a factor of 349269892?
False
Does 237 divide 102006222?
True
Is 36182909 a multiple of 1339?
False
Is 18121968 a multiple of 118?
True
Is 1478 a factor of 56302932?
True
Is 129 a factor of 64564430?
False
Is 38 a factor of 11409956?
True
Is 118540488 a multiple of 3242?
True
Is 813 a factor of 63824534?
False
Is 35741136 a multiple of 18?
False
Does 297 divide 144124526?
False
Is 407192769 a multiple of 36?
False
Does 1678 divide 216354028?
False
Is 800 a factor of 125935929?
False
Is 144 a factor of 28896624?
True
Does 1837 divide 63949644?
True
Is 322 a factor of 24621730?
True
Is 370021751 a multiple of 121?
True
Is 23347855 a multiple of 46?
False
Does 6 divide 78137187?
False
Does 321 divide 136423716?
True
Is 76840069 a multiple of 143?
False
Does 54 divide 13527931?
False
Is 12 a factor of 4953775?
False
Does 1679 divide 375005996?
False
Is 386 a factor of 26167480?
False
Does 74 divide 25017402?
True
Does 4 divide 47787116?
True
Is 1495318613 a multiple of 77?
False
Is 2766 a factor of 26216148?
True
Does 56 divide 11283720?
True
Is 5 a factor of 717839855?
True
Is 2213160053 a multiple of 233?
True
Is 74678676 a multiple of 44?
False
Does 59 divide 1512888295?
False
Is 25286163 a multiple of 2?
False
Does 14 divide 4754759?
False
Does 24 divide 65651318?
False
Is 2199776644 a multiple of 13?
True
Does 6 divide 13127528?
False
Is 2580 a factor of 121897822?
False
Is 1923198501 a multiple of 147?
True
Is 53 a factor of 86702541?
True
Does 37 divide 121672406?
False
Is 1754 a factor of 115165742?
False
Is 33698964 a multiple of 442?
True
Is 11 a factor of 45944921?
True
Is 33 a factor of 46258278?
True
Is 3842940 a multiple of 228?
True
Is 113 a factor of 11676246?
False
Does 9966 divide 215146008?
True
Is 119 a factor of 8966412?
True
Does 84 divide 2559035388?
True
Does 28 divide 1052924171?
False
Is 29 a factor of 182290825?
False
Does 508 divide 234906820?
True
Is 3049 a factor of 6299395298?
False
Is 2588 a factor of 54526572?
True
Is 92 a factor of 1098418820?
True
Does 256 divide 1386489353?
False
Is 220 a factor of 31267720?
True
Does 95 divide 77112962?
False
Is 75 a factor of 156688575?
True
Is 5 a factor of 2468866?
False
Is 887658 a multiple of 2?
True
Does 87 divide 2027737362?
True
Does 1149 divide 3890980772?
False
Does 878 divide 64967322?
False
Is 12 a factor of 320103439?
False
Is 41 a factor of 52200233?
False
Is 227 a factor of 12029888?
False
Is 408331814 a multiple of 31?
True
Does 39 divide 238942233?
False
Is 63 a factor of 96789317?
False
Does 8 divide 429794528?
True
Is 122171073 a multiple of 3821?
False
Is 320 a factor of 993306880?
True
Is 3054232818 a multiple of 1274?
True
Is 1443576780 a multiple of 30?
True
Does 19 divide 2215667441?
False
Does 1120 divide 21040320?
True
Is 68531721 a multiple of 1528?
False
Is 128 a factor of 32647978?
False
Does 26 divide 200541371?
False
Is 250997376 a multiple of 672?
True
Is 1077 a factor of 50867177?
False
Is 804640601 a multiple of 195?
False
Is 52140313 a multiple of 163?
False
Is 4 a factor of 2375088?
True
Is 485335500 a multiple of 375?
True
Is 2 a factor of 82345?
False
Is 84 a factor of 471737868?
True
Is 45 a factor of 39288807?
False
Is 1985 a factor of 407593945?
True
Is 16 a factor of 415058993?
False
Is 9593376 a multiple of 3140?
False
Does 8 divide 40298832?
True
Is 1023 a factor of 48375624?
True
Is 46554321 a multiple of 11?
True
Is 29120912 a multiple of 16?
True
Is 21 a factor of 48454342?
False
Does 2649 divide 3258101654?
False
Does 75 divide 13486575?
True
Is 680 a factor of 134530520?
True
Is 85658769 a multiple of 21?
True
Is 5 a factor of 116918115?
True
Does 86 divide 35997364?
True
Is 1144390695 a multiple of 2039?
False
Is 45 a factor of 4450445370?
True
Does 8 divide 137800?
True
Is 647 a factor of 194571016?
True
Is 22 a factor of 22979066?
True
Is 73724 a multiple of 28?
True
Does 5836 divide 5013668112?
False
Is 1453871240 a multiple of 6920?
True
Is 28517259 a multiple of 150?
False
Is 13761598 a multiple of 8?
False
Is 5 a factor of 10275223?
False
Is 88 a factor of 242851191?
False
Does 15 divide 6352320?
True
Does 27 divide 1918206954?
True
Is 13 a factor of 619557172?
True
Does 7271 divide 368632429?
True
Is 113989112 a multiple of 32?
False
Is 64 a factor of 975856069?
False
Does 141 divide 76718431?
False
Is 10760985 a multiple of 135?
True
Does 48 divide 146838240?
True
Does 419 divide 31764424?
False
Is 3230 a factor of 1114224046?
False
Is 2308 a factor of 2266671877?
False
Does 13 divide 6802423?
False
Does 3944 divide 487142731?
False
Is 436 a factor of 1691094487?
False
Is 1916942 a multiple of 94?
True
Does 372 divide 10731084?
True
Is 505482808 a multiple of 10?
False
Is 52621950 a multiple of 29?
True
Does 570 divide 43844845?
False
Is 1199 a factor of 759898623?
True
Does 115 divide 32345935?
True
Does 3 divide 1046710533?
True
Is 1957 a factor of 640917997?
False
Does 8 divide 86073800?
True
Is 169873033 a multiple of 35?
False
Does 560 divide 203280?
True
Does 632 divide 901806488?
True
Does 10 divide 19169431?
False
Is 367986378 a multiple of 582?
True
Does 38 divide 62790389?
False
Does 93 divide 10161723?
False
Is 14567381 a multiple of 37?
True
Is 444 a factor of 48765408?
True
Does 289 divide 72028915?
True
Is 20 a factor of 646603100?
True
Is 170 a factor of 33804670?
True
Is 537307932 a multiple of 3626?
True
Does 26 divide 145402920?
True
Is 45 a factor of 77146335?
True
Does 1075 divide 452135325?
True
Is 127104120 a multiple of 2145?
True
Is 66 a factor of 21906847?
False
Is 7 a factor of 18149187?
True
Does 10 divide 136907160?
True
Is 1904 a factor of 94236072?
False
Is 177 a factor of 1579900624?
False
Is 707842656 a multiple of 337?
False
Is 47357282 a multiple of 2287?
False
Is 62870376 a multiple of 191?
False
Is 283 a factor of 229588361?
False
Is 3965969 a multiple of 7?
True
Is 29 a factor of 39332093?
False
Is 35 a factor of 1805160?
True
Is 5 a factor of 125929115?
True
Is 3213975400 a multiple of 10?
True
Is 24166288 a multiple of 5?
False
Is 318726975 a multiple of 32?
False
Does 8 divide 8636804?
False
Does 23 divide 466952?
False
Is 130282491 a multiple of 9?
False
Does 32 divide 67266306?
False
Does 156 divide 41984904?
True
Does 497 divide 669384450?
True
Is 643389692 a multiple of 15?
False
Does 13127 divide 1799597789?
False
Does 454 divide 1232116056?
False
Is 18 a factor of 80604013?
False
Does 19 divide 3859376121?
True
Does 48 divide 128137296?
True
Does 1385 divide 333243228?
False
Does 5 divide 238900900?
True
Is 236556912 a multiple of 11?
False
Does 133 divide 5047882?
True
Does 177 divide 45650525?
False
Does 15 divide 50151315?
True
Does 38 divide 848197?
False
Does 7 divide 12109787?
False
Is 221 a factor of 119759395?
False
Does 185 divide 1111868765?
False
Is 63767880 a multiple of 11?
True
Does 10 divide 406552300?
True
Does 4832 divide 757744576?
True
Does 123 divide 2140570107?
True
Is 38248749 a multiple of 211?
False
Is 15632641 a multiple of 67?
True
Is 17 a factor of 393236180?
True
Is 22411171 